3379. What is the remainder when n is divided by 35?
10
Calculate the remainder when 9500/19 - (0 + 1 - -5) is divided by 60.
14
Let n(v) = v**3 - 17*v**2 - 4*v + 154. What is the remainder when 759 is divided by n(0)?
143
Let f be (-1)/(1 + 1 - 3). Suppose 0 = -30*h + 1058 - 488. Calculate the remainder when 114 - (-1 + 3/f) is divided by h.
17
Let z = 423 - 242. Suppose -l = -227 + z. Suppose -5*i = -1399 + 34. What is the remainder when i is divided by l?
43
Let c(t) = 3*t - 8. Suppose 7*b - 3*b = 120. Suppose 2*j - b = -8*j. Calculate the remainder when c(6) is divided by j.
1
Suppose a - 38208*j - 41 = -38212*j, -2*j + 164 = 4*a. Let r = 18 - -3. What is the remainder when a is divided by r?
20
Suppose -3*b + 514 = 4*s, 3*s = -4*b + 2*s + 694. Let l = -117 - -123. What is the remainder when b is divided by ((-4)/l)/((-13)/858)?
42
Suppose -q + 70 = -24. Let f be (q/(-4))/(9/36). Calculate the remainder when 7 - f - 4/(-2) is divided by 35.
33
Let b(x) = 812*x - 11304. What is the remainder when 44542 is divided by b(14)?
62
Suppose 1550 + 2558 = 13*s. Calculate the remainder when s is divided by 27.
19
Let h be (33/(-4))/((-9)/36). Suppose h*r = 22*r + 220. Suppose 0 = 4*i - z - 154, -6*i + 184 = -i + 3*z. Calculate the remainder when i is divided by r.
18
Let r(i) = 2*i + 7. Calculate the remainder when r(5) is divided by -5 - (38 + -38 - (1 - (-11 + -3))).
7
Let l(k) = 4*k + 161. Suppose -293 + 533 = 8*y. Calculate the remainder when l(y) is divided by 71.
68
Let n = -154 + 143. Let b = 39 + n. Calculate the remainder when 110 is divided by b.
26
Let f(t) = -7*t**2 - 4*t**3 - 4 - 3*t + 3*t**2 + 0. What is the remainder when f(-3) is divided by -3 + 1 + (-4)/(-14)*(-3 - -45)?
7
Suppose -28*b + 1827 = -1389 + 780. Calculate the remainder when 401 is divided by b.
53
Let s(b) = -189*b - 172. What is the remainder when s(-2) is divided by 80?
46
Let h(l) = 5*l**2 + 23*l + 23. Let d = -141 - -140. Let k = 0 - -19. What is the remainder when k is divided by h(d)?
4
Let u(i) = -70*i - 73. Let q be u(6). Let p = -456 - q. Calculate the remainder when 119 is divided by p.
8
Suppose -3*v = 5*m - 4451, 6*v + 4*m - 2966 = 4*v. Calculate the remainder when v is divided by 48.
47
Suppose -714 = -5*u - 694. Suppose 0*r = -2*h + 2*r + 122, 55 = h - u*r. Calculate the remainder when h is divided by 34.
29
Suppose 0 = -2*q - 33*y + 59, 0*y = 3*q - 2*y - 140. Calculate the remainder when q is divided by 4/1 + 0 + 1.
1
Suppose n + 0 = 60. Suppose -60 = -2*c - i, -i + 5*i - n = -2*c. Let q = 602 + -485. What is the remainder when q is divided by c?
27
Let n = 12270 + -12001. What is the remainder when 6453 is divided by n?
266
Let p(h) = h**2 + 15*h + 45. Let g be p(-8). Calculate the remainder when 19 is divided by 2 + 2 - g - 4 - 3.
3
What is the remainder when 340 is divided by (4 - (6 - 3))/((-15)/(-480))?
20
Suppose 29*b = 27*b - 4. Let t be (-11)/((1/b)/(9/9)). Calculate the remainder when (t/6)/((-25)/(-525)) is divided by 13.
12
Let u(h) be the first derivative of -h**2/2 + 32*h + 30. Let d be u(25). What is the remainder when 38 is divided by (-6 + 3 - d)*-2?
18
Let d(z) = 2*z - 30. Let t(q) = q**3 - 11*q**2 + 21*q - 2. Let v be t(9). What is the remainder when 110 is divided by d(v)?
10
Suppose -5*o + 143 = i - 2*i, -4*o + 2*i = -118. Let n = -2 + o. Let p(y) = -y**3 - 3*y**2 - 8*y - 5. Calculate the remainder when n is divided by p(-2).
5
Let d(x) = -5*x**2 + 429*x - 64. Calculate the remainder when 540 is divided by d(85).
264
Let t be 18 + -15 + (-60)/(-1) + -7. Suppose 54 + 130 = 4*r - 4*g, -3*g - 220 = -5*r. Let n = t - r. What is the remainder when 28 is divided by n?
13
Suppose 4*y + 6*y = -120. Let p be (-1 - 2)*16/y. Suppose 0 = -3*r - p*r + 301. What is the remainder when r is divided by 9?
7
Let a(t) = t + 21. Let h be a(-19). Let s(p) = 7 + 17*p - 16*p - 2 - h. Calculate the remainder when 12 is divided by s(2).
2
Calculate the remainder when 839 is divided by (-9 + (-91)/(-21))/((-1)/9).
41
Suppose 5*f = f - 12. Let u be (0/f)/5 - -50. Calculate the remainder when u - 4/((-4)/(-3)) is divided by 12.
11
Let p = 73 + -69. Suppose z + 4 = 0, -136 = 3*x - 6*x + z. Suppose -4*o = m - 5*m + 80, -p*o - x = -2*m. Calculate the remainder when 69 is divided by m.
15
Suppose -2*g + 56 = -g + 5*l, -5*g + 5*l = -280. Let f be -16 + 10 + (23 - 11). What is the remainder when (1 - (-6 + f))/(2/g) is divided by 8?
4
Let u(x) = -159*x**3 - 3*x**2 - 17*x - 15. Suppose -102*v = -105*v + 60. Calculate the remainder when u(-1) is divided by v.
18
Suppose -5*o - 35 = -s - 3*s, -15 = 5*o. What is the remainder when (-3)/s + (-1416)/(-10) is divided by 9?
6
What is the remainder when 787 is divided by (-52)/1*(33/44 + -4)*1?
111
Suppose -909 = -34*a + 154*a - 7149. Suppose -w + 28 = 3*s, -3*w - w = 3*s - 76. Calculate the remainder when a is divided by w.
4
Suppose -5*z + 2*a + 1025 = 0, 4*z - 4*a = -z + 1025. Suppose 3*r = -2*r + z. Let l = 24353 - 24275. Calculate the remainder when l is divided by r.
37
Let t(s) = -s**3 - 53*s**2 + 105*s - 29. Calculate the remainder when t(-55) is divided by 131.
115
What is the remainder when (-10865)/(-6) - 325/(-1950) is divided by 91?
82
Let l(s) = -s**3 + 6*s**2 - 3*s - 8. Let w be l(5). Suppose 4*f - 3*g - 25 = 83, -54 = -w*f + 3*g. What is the remainder when f is divided by 10?
7
Suppose 49*i - 45*i + 4*l - 276 = 0, 0 = 5*l - 25. What is the remainder when 140 is divided by i?
12
Let p(b) = 34 + 32 + 34 + 7*b. What is the remainder when 43 is divided by p(-12)?
11
Let u be -64 + 1 + (11 - (22 + -10)). What is the remainder when 12/(-2 - -5) - u is divided by 50?
18
Suppose -3*j - 4*v + 195 = 120, 139 = 4*j + v. What is the remainder when 3250 is divided by j?
31
Suppose 0 = -13*w + 2848 + 1546. Suppose 0 = 15*a - 9*a - 120. Calculate the remainder when w is divided by a.
18
Let u = -14227 + 29164. Calculate the remainder when u is divided by 90.
87
Suppose 3*b - 5*h + 573 - 2061 = 0, 2480 = 5*b + 4*h. What is the remainder when b is divided by 27?
10
Suppose 32 = -24*d + 22*d. Let z = d - -21. What is the remainder when 52 is divided by (3 + (-9)/45)/(1/z)?
10
Calculate the remainder when 972 is divided by (-3435)/(-90) + (-1)/12*-10.
36
Suppose -302 = -2*a + 8*u, 99*u = -3*a + 104*u + 404. Calculate the remainder when 2579 is divided by a.
119
Let m be (1 - -2)*2 - (-412 + 2). Let k = m + -362. Calculate the remainder when k is divided by 26.
2
Suppose -2151 - 6145 = -72*g + 10496. Let y be (-1 + 2)*(-2 - -1). What is the remainder when g is divided by (y/2)/((-1)/66)?
30
Let h(g) = g**3 + 17*g**2 - 3*g - 10. Suppose 0 = 4*b + b. Let i(k) = 6*k + 5. What is the remainder when h(-17) is divided by i(b)?
1
Let c = -8766 + 11856. What is the remainder when c is divided by 18?
12
Let u(c) = c**2 - 72*c + 1597. What is the remainder when u(37) is divided by 150?
2
Suppose 1488*o = 1454*o + 2414. Calculate the remainder when 285 is divided by o.
1
Let p = 463 - 429. Suppose -2*v = 3*c - p, 16 = -9*c + 5*c. What is the remainder when v is divided by 2?
1
Suppose 23*g - 51 = 26*g. Let z = g - -24. Suppose -231 = 2*h - 9*h. What is the remainder when h is divided by z?
5
Suppose 26449 - 8625 = 132*b - 12404. What is the remainder when 459 is divided by b?
1
Suppose -758*l + 3477 = -575*l. Calculate the remainder when 5001 is divided by l.
4
Let j = 34 - 23. Let h be (-158)/(-1 - (-2)/(-2)). Let r = -58 + h. Calculate the remainder when r is divided by j.
10
Let s be (56 - (-4 + 7)) + 0. Let a = s + -45. Suppose 0 = -4*u + 6*d - d + 108, 2*d = a. What is the remainder when u is divided by 7?
4
Suppose 2*t + 17 = 3*t. Let z = 415 - 424. What is the remainder when 2 + z/5 - 21321/(-345) is divided by t?
11
Suppose -21*p = -12*p - 693. Suppose -g + 10 = 4*g. Suppose g*l - t + 3*t = 50, 2*l + 5*t - 47 = 0. Calculate the remainder when p is divided by l.
25
Calculate the remainder when 909 is divided by 0 - (-5)/2 - (-109865)/730.
144
Let s(o) = 4*o - 2. Let y = -53109 - -53185. What is the remainder when y is divided by s(4)?
6
Suppose -1 = 2*b - 25. Suppose -3*f = -b, 4*y - 42 = -5*f + 22. Suppose 0 = -6*z + 2*z + 72. Calculate the remainder when z is divided by y.
7
Suppose c - 8*c = 0. Let x be 18/24 - 39/4. Let b = c 